{"id":4589,"date":"2021-03-16T08:45:15","date_gmt":"2021-03-16T14:45:15","guid":{"rendered":"http:\/\/casadelaculturaac.com\/?page_id=4589"},"modified":"2021-03-16T08:45:15","modified_gmt":"2021-03-16T14:45:15","slug":"pneiaa-esc-josefa-ortiz-de-dominguez","status":"publish","type":"page","link":"https:\/\/casadelaculturaac.com\/?page_id=4589","title":{"rendered":"PNEIAA &#8211; Esc. Josefa Ort\u00edz de Dom\u00ednguez"},"content":{"rendered":"\n<div class=\"wp-block-image\"><figure class=\"aligncenter size-large\"><a href=\"http:\/\/casadelaculturaac.com\/wp-content\/uploads\/2021\/03\/89434449_1284135598464296_1190739877059100672_o.jpg\"><img loading=\"lazy\" decoding=\"async\" width=\"900\" height=\"600\" src=\"http:\/\/casadelaculturaac.com\/wp-content\/uploads\/2021\/03\/89434449_1284135598464296_1190739877059100672_o.jpg\" alt=\"\" class=\"wp-image-4590\" srcset=\"https:\/\/casadelaculturaac.com\/wp-content\/uploads\/2021\/03\/89434449_1284135598464296_1190739877059100672_o.jpg 900w, https:\/\/casadelaculturaac.com\/wp-content\/uploads\/2021\/03\/89434449_1284135598464296_1190739877059100672_o-300x200.jpg 300w, https:\/\/casadelaculturaac.com\/wp-content\/uploads\/2021\/03\/89434449_1284135598464296_1190739877059100672_o-768x512.jpg 768w, https:\/\/casadelaculturaac.com\/wp-content\/uploads\/2021\/03\/89434449_1284135598464296_1190739877059100672_o-600x400.jpg 600w\" sizes=\"auto, (max-width: 900px) 100vw, 900px\" \/><\/a><\/figure><\/div>\n\n\n\n<p>Casa de la Cultura de Reynosa, A.C. cuenta con el Programa Nacional Escuelas de Iniciaci\u00f3n Art\u00edsticas Asociadas al INBAL en la Escuela Primaria Josefa Ort\u00edz de Dom\u00ednguez.<\/p>\n\n\n\n<p>Se imparten las 4 disciplinas art\u00edsticas: <strong>Danza, Teatro, M\u00fasica, Artes Pl\u00e1sticas y Visuales.<\/strong><\/p>\n\n\n\n<p>El programa se imparte durante 3 a\u00f1os en los cuales los ni\u00f1os podr\u00e1n tomar materias de tronco com\u00fan para as\u00ed posteriormente elegir la disciplina que m\u00e1s les gust\u00f3.<\/p>\n\n\n\n<p><\/p>\n\n\n\n<p>Anteriormente el programa se imparti\u00f3 en la Esc. Primaria Pedro J. M\u00e9ndez.<\/p>\n\n\n\n<div class=\"wp-block-image\"><figure class=\"aligncenter size-large\"><a href=\"http:\/\/casadelaculturaac.com\/wp-content\/uploads\/2021\/03\/89710486_1284137475130775_3262989635202056192_o.jpg\"><img loading=\"lazy\" decoding=\"async\" width=\"900\" height=\"600\" src=\"http:\/\/casadelaculturaac.com\/wp-content\/uploads\/2021\/03\/89710486_1284137475130775_3262989635202056192_o.jpg\" alt=\"\" class=\"wp-image-4591\" srcset=\"https:\/\/casadelaculturaac.com\/wp-content\/uploads\/2021\/03\/89710486_1284137475130775_3262989635202056192_o.jpg 900w, https:\/\/casadelaculturaac.com\/wp-content\/uploads\/2021\/03\/89710486_1284137475130775_3262989635202056192_o-300x200.jpg 300w, https:\/\/casadelaculturaac.com\/wp-content\/uploads\/2021\/03\/89710486_1284137475130775_3262989635202056192_o-768x512.jpg 768w, https:\/\/casadelaculturaac.com\/wp-content\/uploads\/2021\/03\/89710486_1284137475130775_3262989635202056192_o-600x400.jpg 600w\" sizes=\"auto, (max-width: 900px) 100vw, 900px\" \/><\/a><\/figure><\/div>\n\n\n\n<div class=\"wp-block-image\"><figure class=\"aligncenter size-large\"><a href=\"http:\/\/casadelaculturaac.com\/wp-content\/uploads\/2021\/03\/89542753_1284140445130478_3655010717855121408_o.jpg\"><img loading=\"lazy\" decoding=\"async\" width=\"900\" height=\"600\" src=\"http:\/\/casadelaculturaac.com\/wp-content\/uploads\/2021\/03\/89542753_1284140445130478_3655010717855121408_o.jpg\" alt=\"\" class=\"wp-image-4592\" srcset=\"https:\/\/casadelaculturaac.com\/wp-content\/uploads\/2021\/03\/89542753_1284140445130478_3655010717855121408_o.jpg 900w, https:\/\/casadelaculturaac.com\/wp-content\/uploads\/2021\/03\/89542753_1284140445130478_3655010717855121408_o-300x200.jpg 300w, https:\/\/casadelaculturaac.com\/wp-content\/uploads\/2021\/03\/89542753_1284140445130478_3655010717855121408_o-768x512.jpg 768w, https:\/\/casadelaculturaac.com\/wp-content\/uploads\/2021\/03\/89542753_1284140445130478_3655010717855121408_o-600x400.jpg 600w\" sizes=\"auto, (max-width: 900px) 100vw, 900px\" \/><\/a><\/figure><\/div>\n","protected":false},"excerpt":{"rendered":"<p>Casa de la Cultura de Reynosa, A.C. cuenta con el Programa Nacional Escuelas de Iniciaci\u00f3n Art\u00edsticas Asociadas al INBAL en la Escuela Primaria Josefa Ort\u00edz<\/p>\n","protected":false},"author":4,"featured_media":4593,"parent":0,"menu_order":0,"comment_status":"closed","ping_status":"closed","template":"","meta":{"footnotes":""},"class_list":["post-4589","page","type-page","status-publish","has-post-thumbnail","hentry"],"_links":{"self":[{"href":"https:\/\/casadelaculturaac.com\/index.php?rest_route=\/wp\/v2\/pages\/4589","targetHints":{"allow":["GET"]}}],"collection":[{"href":"https:\/\/casadelaculturaac.com\/index.php?rest_route=\/wp\/v2\/pages"}],"about":[{"href":"https:\/\/casadelaculturaac.com\/index.php?rest_route=\/wp\/v2\/types\/page"}],"author":[{"embeddable":true,"href":"https:\/\/casadelaculturaac.com\/index.php?rest_route=\/wp\/v2\/users\/4"}],"replies":[{"embeddable":true,"href":"https:\/\/casadelaculturaac.com\/index.php?rest_route=%2Fwp%2Fv2%2Fcomments&post=4589"}],"version-history":[{"count":1,"href":"https:\/\/casadelaculturaac.com\/index.php?rest_route=\/wp\/v2\/pages\/4589\/revisions"}],"predecessor-version":[{"id":4596,"href":"https:\/\/casadelaculturaac.com\/index.php?rest_route=\/wp\/v2\/pages\/4589\/revisions\/4596"}],"wp:featuredmedia":[{"embeddable":true,"href":"https:\/\/casadelaculturaac.com\/index.php?rest_route=\/wp\/v2\/media\/4593"}],"wp:attachment":[{"href":"https:\/\/casadelaculturaac.com\/index.php?rest_route=%2Fwp%2Fv2%2Fmedia&parent=4589"}],"curies":[{"name":"wp","href":"https:\/\/api.w.org\/{rel}","templated":true}]}}

PNEIAA &#8211; Esc. Josefa Ortíz de Domínguez

<div class="wp-block-image"><figure class="aligncenter size-large"><a href="http://casadelaculturaac.com/wp-content/uploads/2021/03/89434449_1284135598464296_1190739877059100672_o.jpg"><img loading="lazy" decoding="async" width="900" height="600" src="http://casadelaculturaac.com/wp-content/uploads/2021/03/89434449_1284135598464296_1190739877059100672_o.jpg" alt="" class="wp-image-4590" srcset="https://casadelaculturaac.com/wp-content/uploads/2021/03/89434449_1284135598464296_1190739877059100672_o.jpg 900w, https://casadelaculturaac.com/wp-content/uploads/2021/03/89434449_1284135598464296_1190739877059100672_o-300x200.jpg 300w, https://casadelaculturaac.com/wp-content/uploads/2021/03/89434449_1284135598464296_1190739877059100672_o-768x512.jpg 768w, https://casadelaculturaac.com/wp-content/uploads/2021/03/89434449_1284135598464296_1190739877059100672_o-600x400.jpg 600w" sizes="auto, (max-width: 900px) 100vw, 900px" /></a></figure></div>



<p>Casa de la Cultura de Reynosa, A.C. cuenta con el Programa Nacional Escuelas de Iniciación Artísticas Asociadas al INBAL en la Escuela Primaria Josefa Ortíz de Domínguez.</p>



<p>Se imparten las 4 disciplinas artísticas: <strong>Danza, Teatro, Música, Artes Plásticas y Visuales.</strong></p>



<p>El programa se imparte durante 3 años en los cuales los niños podrán tomar materias de tronco común para así posteriormente elegir la disciplina que más les gustó.</p>



<p></p>



<p>Anteriormente el programa se impartió en la Esc. Primaria Pedro J. Méndez.</p>



<div class="wp-block-image"><figure class="aligncenter size-large"><a href="http://casadelaculturaac.com/wp-content/uploads/2021/03/89710486_1284137475130775_3262989635202056192_o.jpg"><img loading="lazy" decoding="async" width="900" height="600" src="http://casadelaculturaac.com/wp-content/uploads/2021/03/89710486_1284137475130775_3262989635202056192_o.jpg" alt="" class="wp-image-4591" srcset="https://casadelaculturaac.com/wp-content/uploads/2021/03/89710486_1284137475130775_3262989635202056192_o.jpg 900w, https://casadelaculturaac.com/wp-content/uploads/2021/03/89710486_1284137475130775_3262989635202056192_o-300x200.jpg 300w, https://casadelaculturaac.com/wp-content/uploads/2021/03/89710486_1284137475130775_3262989635202056192_o-768x512.jpg 768w, https://casadelaculturaac.com/wp-content/uploads/2021/03/89710486_1284137475130775_3262989635202056192_o-600x400.jpg 600w" sizes="auto, (max-width: 900px) 100vw, 900px" /></a></figure></div>



<div class="wp-block-image"><figure class="aligncenter size-large"><a href="http://casadelaculturaac.com/wp-content/uploads/2021/03/89542753_1284140445130478_3655010717855121408_o.jpg"><img loading="lazy" decoding="async" width="900" height="600" src="http://casadelaculturaac.com/wp-content/uploads/2021/03/89542753_1284140445130478_3655010717855121408_o.jpg" alt="" class="wp-image-4592" srcset="https://casadelaculturaac.com/wp-content/uploads/2021/03/89542753_1284140445130478_3655010717855121408_o.jpg 900w, https://casadelaculturaac.com/wp-content/uploads/2021/03/89542753_1284140445130478_3655010717855121408_o-300x200.jpg 300w, https://casadelaculturaac.com/wp-content/uploads/2021/03/89542753_1284140445130478_3655010717855121408_o-768x512.jpg 768w, https://casadelaculturaac.com/wp-content/uploads/2021/03/89542753_1284140445130478_3655010717855121408_o-600x400.jpg 600w" sizes="auto, (max-width: 900px) 100vw, 900px" /></a></figure></div>

<p>Casa de la Cultura de Reynosa, A.C. cuenta con el Programa Nacional Escuelas de Iniciación Artísticas Asociadas al INBAL en la Escuela Primaria Josefa Ortíz</p>
