{"id":4520,"date":"2021-03-16T00:35:12","date_gmt":"2021-03-16T06:35:12","guid":{"rendered":"http:\/\/casadelaculturaac.com\/?page_id=4520"},"modified":"2021-03-16T00:35:12","modified_gmt":"2021-03-16T06:35:12","slug":"vision%f0%9f%91%81%ef%b8%8f","status":"publish","type":"page","link":"https:\/\/casadelaculturaac.com\/?page_id=4520","title":{"rendered":"Visi\u00f3n&#x1f441;&#xfe0f;"},"content":{"rendered":"\n<div class=\"wp-block-image\"><figure class=\"aligncenter size-large\"><a href=\"http:\/\/casadelaculturaac.com\/wp-content\/uploads\/2021\/03\/10515276_488462757954946_57776281180175931_o.jpg\"><img loading=\"lazy\" decoding=\"async\" width=\"675\" height=\"900\" src=\"http:\/\/casadelaculturaac.com\/wp-content\/uploads\/2021\/03\/10515276_488462757954946_57776281180175931_o.jpg\" alt=\"\" class=\"wp-image-4521\" srcset=\"https:\/\/casadelaculturaac.com\/wp-content\/uploads\/2021\/03\/10515276_488462757954946_57776281180175931_o.jpg 675w, https:\/\/casadelaculturaac.com\/wp-content\/uploads\/2021\/03\/10515276_488462757954946_57776281180175931_o-225x300.jpg 225w\" sizes=\"auto, (max-width: 675px) 100vw, 675px\" \/><\/a><\/figure><\/div>\n\n\n\n<p>La visi\u00f3n de Casa de la Cultura de Reynosa, A.C. es ser una instituci\u00f3n que contribuye decisivamente a una mejor calidad de vida y al desarrollo humano integral y de los reynosenses, a trav\u00e9s de la cultura.<\/p>\n","protected":false},"excerpt":{"rendered":"<p>La visi\u00f3n de Casa de la Cultura de Reynosa, A.C. es ser una instituci\u00f3n que contribuye decisivamente a una mejor calidad de vida y al<\/p>\n","protected":false},"author":4,"featured_media":4377,"parent":0,"menu_order":0,"comment_status":"closed","ping_status":"closed","template":"","meta":{"footnotes":""},"class_list":["post-4520","page","type-page","status-publish","has-post-thumbnail","hentry"],"_links":{"self":[{"href":"https:\/\/casadelaculturaac.com\/index.php?rest_route=\/wp\/v2\/pages\/4520","targetHints":{"allow":["GET"]}}],"collection":[{"href":"https:\/\/casadelaculturaac.com\/index.php?rest_route=\/wp\/v2\/pages"}],"about":[{"href":"https:\/\/casadelaculturaac.com\/index.php?rest_route=\/wp\/v2\/types\/page"}],"author":[{"embeddable":true,"href":"https:\/\/casadelaculturaac.com\/index.php?rest_route=\/wp\/v2\/users\/4"}],"replies":[{"embeddable":true,"href":"https:\/\/casadelaculturaac.com\/index.php?rest_route=%2Fwp%2Fv2%2Fcomments&post=4520"}],"version-history":[{"count":1,"href":"https:\/\/casadelaculturaac.com\/index.php?rest_route=\/wp\/v2\/pages\/4520\/revisions"}],"predecessor-version":[{"id":4524,"href":"https:\/\/casadelaculturaac.com\/index.php?rest_route=\/wp\/v2\/pages\/4520\/revisions\/4524"}],"wp:featuredmedia":[{"embeddable":true,"href":"https:\/\/casadelaculturaac.com\/index.php?rest_route=\/wp\/v2\/media\/4377"}],"wp:attachment":[{"href":"https:\/\/casadelaculturaac.com\/index.php?rest_route=%2Fwp%2Fv2%2Fmedia&parent=4520"}],"curies":[{"name":"wp","href":"https:\/\/api.w.org\/{rel}","templated":true}]}}

Visión&#x1f441;&#xfe0f;

<div class="wp-block-image"><figure class="aligncenter size-large"><a href="http://casadelaculturaac.com/wp-content/uploads/2021/03/10515276_488462757954946_57776281180175931_o.jpg"><img loading="lazy" decoding="async" width="675" height="900" src="http://casadelaculturaac.com/wp-content/uploads/2021/03/10515276_488462757954946_57776281180175931_o.jpg" alt="" class="wp-image-4521" srcset="https://casadelaculturaac.com/wp-content/uploads/2021/03/10515276_488462757954946_57776281180175931_o.jpg 675w, https://casadelaculturaac.com/wp-content/uploads/2021/03/10515276_488462757954946_57776281180175931_o-225x300.jpg 225w" sizes="auto, (max-width: 675px) 100vw, 675px" /></a></figure></div>



<p>La visión de Casa de la Cultura de Reynosa, A.C. es ser una institución que contribuye decisivamente a una mejor calidad de vida y al desarrollo humano integral y de los reynosenses, a través de la cultura.</p>

<p>La visión de Casa de la Cultura de Reynosa, A.C. es ser una institución que contribuye decisivamente a una mejor calidad de vida y al</p>
