{"id":4439,"date":"2021-03-15T10:36:03","date_gmt":"2021-03-15T16:36:03","guid":{"rendered":"http:\/\/casadelaculturaac.com\/?page_id=4439"},"modified":"2021-03-15T10:36:03","modified_gmt":"2021-03-15T16:36:03","slug":"ballet-3","status":"publish","type":"page","link":"http:\/\/casadelaculturaac.com\/?page_id=4439","title":{"rendered":"Ballet&#x1fa70;"},"content":{"rendered":"\n<figure class=\"wp-block-gallery columns-1 is-cropped wp-block-gallery-1 is-layout-flex wp-block-gallery-is-layout-flex\"><ul class=\"blocks-gallery-grid\"><li class=\"blocks-gallery-item\"><figure><a href=\"http:\/\/casadelaculturaac.com\/wp-content\/uploads\/2021\/03\/64937757_1521550067979538_6633605876622032896_o-1.jpg\"><img loading=\"lazy\" decoding=\"async\" width=\"900\" height=\"500\" src=\"http:\/\/casadelaculturaac.com\/wp-content\/uploads\/2021\/03\/64937757_1521550067979538_6633605876622032896_o-1.jpg\" alt=\"\" data-id=\"4440\" data-full-url=\"http:\/\/casadelaculturaac.com\/wp-content\/uploads\/2021\/03\/64937757_1521550067979538_6633605876622032896_o-1.jpg\" data-link=\"http:\/\/casadelaculturaac.com\/?attachment_id=4440\" class=\"wp-image-4440\" srcset=\"http:\/\/casadelaculturaac.com\/wp-content\/uploads\/2021\/03\/64937757_1521550067979538_6633605876622032896_o-1.jpg 900w, http:\/\/casadelaculturaac.com\/wp-content\/uploads\/2021\/03\/64937757_1521550067979538_6633605876622032896_o-1-300x167.jpg 300w, http:\/\/casadelaculturaac.com\/wp-content\/uploads\/2021\/03\/64937757_1521550067979538_6633605876622032896_o-1-768x427.jpg 768w\" sizes=\"auto, (max-width: 900px) 100vw, 900px\" \/><\/a><\/figure><\/li><\/ul><\/figure>\n\n\n\n<p>Casa de la Cultura de Reynosa, A.C. cuenta con el taller libre de Ballet Cl\u00e1sico, a cargo de <\/p>\n\n\n\n<p><strong><em>Maestro Iv\u00e1n de la Cruz Res\u00e9ndez<\/em><\/strong><\/p>\n\n\n\n<p><strong><em>Maestra Valthiary Fraire<\/em><\/strong><\/p>\n\n\n\n<p><strong><em>Maestra Gilda Ibarra<\/em><\/strong><\/p>\n\n\n\n<p>Puedes formar parte del taller de ballet a partir de los 3 a\u00f1os en adelante. Contamos con clases entre semana y clases sabatinas.<\/p>\n\n\n\n<p><strong>Puestas en escena: Alicia en el pa\u00eds de las maravillas, Giselle, Blanca Nieves, La Bayadera, El Cascanueces, entre muchas m\u00e1s.<\/strong><\/p>\n\n\n\n<div class=\"wp-block-image\"><figure class=\"aligncenter size-large\"><a href=\"http:\/\/casadelaculturaac.com\/wp-content\/uploads\/2021\/03\/64710333_1521546527979892_8650652179591331840_o-1.jpg\"><img loading=\"lazy\" decoding=\"async\" width=\"900\" height=\"524\" src=\"http:\/\/casadelaculturaac.com\/wp-content\/uploads\/2021\/03\/64710333_1521546527979892_8650652179591331840_o-1.jpg\" alt=\"\" class=\"wp-image-4441\" srcset=\"http:\/\/casadelaculturaac.com\/wp-content\/uploads\/2021\/03\/64710333_1521546527979892_8650652179591331840_o-1.jpg 900w, http:\/\/casadelaculturaac.com\/wp-content\/uploads\/2021\/03\/64710333_1521546527979892_8650652179591331840_o-1-300x175.jpg 300w, http:\/\/casadelaculturaac.com\/wp-content\/uploads\/2021\/03\/64710333_1521546527979892_8650652179591331840_o-1-768x447.jpg 768w\" sizes=\"auto, (max-width: 900px) 100vw, 900px\" \/><\/a><\/figure><\/div>\n\n\n\n<div class=\"wp-block-image\"><figure class=\"aligncenter size-large\"><a href=\"http:\/\/casadelaculturaac.com\/wp-content\/uploads\/2021\/03\/64530271_1521547407979804_8111714842861109248_o-1.jpg\"><img loading=\"lazy\" decoding=\"async\" width=\"698\" height=\"900\" src=\"http:\/\/casadelaculturaac.com\/wp-content\/uploads\/2021\/03\/64530271_1521547407979804_8111714842861109248_o-1.jpg\" alt=\"\" class=\"wp-image-4442\" srcset=\"http:\/\/casadelaculturaac.com\/wp-content\/uploads\/2021\/03\/64530271_1521547407979804_8111714842861109248_o-1.jpg 698w, http:\/\/casadelaculturaac.com\/wp-content\/uploads\/2021\/03\/64530271_1521547407979804_8111714842861109248_o-1-233x300.jpg 233w\" sizes=\"auto, (max-width: 698px) 100vw, 698px\" \/><\/a><\/figure><\/div>\n\n\n\n<div class=\"wp-block-image\"><figure class=\"aligncenter size-large\"><a href=\"http:\/\/casadelaculturaac.com\/wp-content\/uploads\/2021\/03\/64832954_1521549327979612_7056905140212596736_o-1.jpg\"><img loading=\"lazy\" decoding=\"async\" width=\"900\" height=\"600\" src=\"http:\/\/casadelaculturaac.com\/wp-content\/uploads\/2021\/03\/64832954_1521549327979612_7056905140212596736_o-1.jpg\" alt=\"\" class=\"wp-image-4443\" srcset=\"http:\/\/casadelaculturaac.com\/wp-content\/uploads\/2021\/03\/64832954_1521549327979612_7056905140212596736_o-1.jpg 900w, http:\/\/casadelaculturaac.com\/wp-content\/uploads\/2021\/03\/64832954_1521549327979612_7056905140212596736_o-1-300x200.jpg 300w, http:\/\/casadelaculturaac.com\/wp-content\/uploads\/2021\/03\/64832954_1521549327979612_7056905140212596736_o-1-768x512.jpg 768w, http:\/\/casadelaculturaac.com\/wp-content\/uploads\/2021\/03\/64832954_1521549327979612_7056905140212596736_o-1-600x400.jpg 600w\" sizes=\"auto, (max-width: 900px) 100vw, 900px\" \/><\/a><\/figure><\/div>\n","protected":false},"excerpt":{"rendered":"<p>Casa de la Cultura de Reynosa, A.C. cuenta con el taller libre de Ballet Cl\u00e1sico, a cargo de Maestro Iv\u00e1n de la Cruz Res\u00e9ndez Maestra<\/p>\n","protected":false},"author":4,"featured_media":0,"parent":0,"menu_order":0,"comment_status":"closed","ping_status":"closed","template":"","meta":{"footnotes":""},"class_list":["post-4439","page","type-page","status-publish","hentry"],"_links":{"self":[{"href":"http:\/\/casadelaculturaac.com\/index.php?rest_route=\/wp\/v2\/pages\/4439","targetHints":{"allow":["GET"]}}],"collection":[{"href":"http:\/\/casadelaculturaac.com\/index.php?rest_route=\/wp\/v2\/pages"}],"about":[{"href":"http:\/\/casadelaculturaac.com\/index.php?rest_route=\/wp\/v2\/types\/page"}],"author":[{"embeddable":true,"href":"http:\/\/casadelaculturaac.com\/index.php?rest_route=\/wp\/v2\/users\/4"}],"replies":[{"embeddable":true,"href":"http:\/\/casadelaculturaac.com\/index.php?rest_route=%2Fwp%2Fv2%2Fcomments&post=4439"}],"version-history":[{"count":1,"href":"http:\/\/casadelaculturaac.com\/index.php?rest_route=\/wp\/v2\/pages\/4439\/revisions"}],"predecessor-version":[{"id":4444,"href":"http:\/\/casadelaculturaac.com\/index.php?rest_route=\/wp\/v2\/pages\/4439\/revisions\/4444"}],"wp:attachment":[{"href":"http:\/\/casadelaculturaac.com\/index.php?rest_route=%2Fwp%2Fv2%2Fmedia&parent=4439"}],"curies":[{"name":"wp","href":"https:\/\/api.w.org\/{rel}","templated":true}]}}